o base 2.
110001110
What is -10653 (base 9) in base 12?
-4133
Convert 5344 (base 16) to base 3.
1002020111
Convert 212022 (base 3) to base 16.
275
What is 24102 (base 7) in base 10?
6225
What is 65b (base 13) in base 5?
13330
10010100 (base 2) to base 14
a8
Convert 13014 (base 6) to base 11.
1517
-39b8 (base 14) to base 15
-3023
111111001011 (base 2) to base 9
5482
Convert -100202101 (base 3) to base 4.
-1233013
-b92 (base 15) to base 10
-2612
2429 (base 13) to base 8
11761
-616 (base 14) to base 11
-998
Convert 104 (base 12) to base 9.
174
Convert 3014 (base 5) to base 2.
110000000
11101111 (base 2) to base 4
3233
Convert 20522 (base 8) to base 2.
10000101010010
2205 (base 7) to base 13
489
Convert -10622 (base 8) to base 7.
-16054
What is 11204 (base 5) in base 8?
1444
What is -31442 (base 5) in base 15?
-967
What is 846 (base 15) in base 14?
974
Convert 12441 (base 11) to base 8.
42650
What is 11340 (base 11) in base 10?
16379
What is 10001101100 (base 2) in base 13?
691
What is -9865 (base 10) in base 14?
-3849
What is -6467 (base 12) in base 13?
-502c
-273 (base 10) to base 16
-111
Convert 1300 (base 4) to base 7.
220
What is 2010 (base 3) in base 7?
111
Convert 436155 (base 7) to base 3.
10220001020
What is -2735 (base 14) in base 13?
-31b4
Convert -300 (base 13) to base 10.
-507
-7566 (base 13) to base 14
-5d2c
What is -404043 (base 6) in base 13?
-11742
What is 23003 (base 4) in base 12?
4ab
-27a6 (base 14) to base 9
-10544
What is -111100 (base 3) in base 5?
-2420
What is 554 (base 13) in base 4?
32102
200143 (base 6) to base 11
10806
-2a2 (base 13) to base 16
-1d6
What is -112011 (base 3) in base 16?
-17e
-65d (base 14) to base 5
-20014
Convert 4329 (base 13) to base 16.
2472
-101100000 (base 2) to base 15
-187
2931 (base 11) to base 6
25305
What is -134260 (base 7) in base 11?
-181a2
What is -61711 (base 8) in base 9?
-38033
-11011120 (base 4) to base 7
-114466
Convert -5cba (base 14) to base 7.
-65223
-3304240 (base 5) to base 16
-ddf4
Convert -3a8 (base 13) to base 9.
-786
What is 459 (base 12) in base 16?
285
Convert -1254 (base 6) to base 10.
-322
Convert 12441 (base 6) to base 16.
769
Convert 72d (base 16) to base 10.
1837
1b13 (base 12) to base 15
ebc
Convert -132cc (base 13) to base 10.
-35658
What is 12843 (base 14) in base 16?
b1db
Convert 39 (base 11) to base 14.
30
Convert aaaa (base 14) to base 12.
15126
Convert -931 (base 11) to base 2.
-10001100011
What is 22121100 (base 3) in base 9?
8540
39c3 (base 15) to base 4
3000231
Convert 3ea (base 16) to base 7.
2631
-1022201002 (base 3) to base 11
-18614
1416b (base 13) to base 6
450035
What is 20474 (base 9) in base 13?
61c6
2643 (base 16) to base 14
37d9
Convert 5b (base 16) to base 6.
231
-1000102 (base 3) to base 6
-3232
What is 37 (base 15) in base 10?
52
145003 (base 7) to base 14
a373
Convert 10125 (base 7) to base 14.
c85
Convert -26f (base 16) to base 9.
-762
What is -28 (base 9) in base 5?
-101
What is 1566 (base 10) in base 13?
936
Convert f9 (base 16) to base 14.
13b
Convert 21035 (base 10) to base 2.
101001000101011
Convert 1100022210 (base 3) to base 6.
322333
Convert 32316 (base 7) to base 14.
2d0d
Convert -cb (base 15) to base 2.
-10111111
Convert -579 (base 14) to base 4.
-100333
Convert -17480 (base 10) to base 11.
-12151
31403 (base 6) to base 16
109b
What is -2dea (base 16) in base 8?
-26752
What is -334233 (base 5) in base 3?
-121012201
-532115 (base 6) to base 5
-2340442
7a11 (base 11) to base 8
24453
14325 (base 6) to base 13
106a
571 (base 8) to base 6
1425
13351 (base 9) to base 7
35230
-2031032 (base 4) to base 16
-234e
-114a0 (base 11) to base 3
-211201120
-1ba6 (base 12) to base 9
-4640
5b6 (base 12) to base 15
3c3
What is -1111010101101010 (base 2) in base 16?
-f56a
Convert -2042212 (base 5) to base 13.
-1266a
93e3 (base 16) to base 3
1220221012
What is 22133 (base 5) in base 14?
7c3
Convert -13523 (base 10) to base 6.
-142335
Convert 103130 (base 4) to base 13.
749
What is 3778 (base 12) in base 7?
24215
-11241 (base 5) to base 10
-821
What is -1244 (base 7) in base 9?
-575
Convert -101 (base 16) to base 9.
-315
Convert ab4 (base 14) to base 2.
100001000110
-6917 (base 15) to base 14
-81a9
Convert 101111011 (base 2) to base 14.
1d1
Convert -1743 (base 8) to base 15.
-465
1fc (base 16) to base 3
200211
What is -aa8 (base 15) in base 6?
-15052
10101101000111 (base 2) to base 8
25507
-3a (base 11) to base 10
-43
What is 100221 (base 3) in base 13?
178
Convert 1750 (base 13) to base 6.
23541
What is -217a (base 15) in base 5?
-211330
Convert -1a184 (base 11) to base 14.
-a39a
What is -200121 (base 5) in base 4?
-1202032
Convert 5855 (base 16) to base 9.
34015
-4330 (base 5) to base 9
-725
What is -141324 (base 8) in base 13?
-19918
What is 1673 (base 12) in base 11?
2016
Convert 4b7 (base 12) to base 16.
2cb
21221000 (base 3) to base 5
141103
Convert -1164 (base 8) to base 3.
-212021
Convert -11321 (base 5) to base 16.
-344
-12013121 (base 4) to base 11
-17902
Convert 64 (base 7) to base 14.
34
Convert 5640 (base 9) to base 14.
1739
Convert 302331 (base 5) to base 15.
2d2b
51312 (base 7) to base 12
72a0
Convert -a766 (base 14) to base 6.
-341450
Convert -268 (base 13) to base 16.
-1a8
10012000 (base 3) to base 4
210102
101031 (base 4) to base 2
10001001101
a3f (base 16) to base 11
1a75
311121 (base 5) to base 7
41424
-3721 (base 8) to base 12
-11a9
What is 120101 (base 3) in base 7?
1132
What is -1 (base 3) in base 11?
-1
Convert -18e5 (base 16) to base 5.
-200443
What is 32 (base 6) in base 5?
40
-1303 (base 7) to base 13
-2bc
Convert 26724 (base 8) to base 10.
11732
What is 16155 (base 14) in base 8?
153557
Convert 4a2 (base 13) to base 12.
574
-8034 (base 14) to base 8
-52756
Convert -b915 (base 12) to base 14.
-7597
Convert 3660 (base 14) to base 11.
714a
Convert 2781 (base 13) to base 2.
1011000110010
Convert 324034 (base 7) to base 11.
395a3
What is 5110 (base 14) in base 10?
13930
What is 1102 (base 3) in base 2?
100110
What is 165 (base 10) in base 3?
20010
101211110 (base 3) to base 4
1323120
What is 63617 (base 8) in base 2?
110011110001111
Convert 1220221 (base 3) to base 4.
111322
What is -101070 (base 8) in base 10?
-33336
-1002110120 (base 3) to base 10
-21480
106 (base 11) to base 4
1333
What is -4353 (base 9) in base 3?
-11101210
-3022332 (base 4) to base 2
-11001010111110
-1010010010100 (base 2) to base 7
-21234
Convert 32311 (base 5) to base 6.
14114
-42 (base 11) to base 8
-56
Convert -384 (base 9) to base 8.
-477
What is -424a (base 11) in base 8?
-12764
What is -12512 (base 7) in base 13?
-16a0
Convert -77c (base 13) to base 14.
-67c
What is 110111001 (base 2) in base 12?
309
-43a4 (base 16) to base 11
-12012
What is 620 (base 13) in base 16?
410
Convert 1415 (base 7) to base 10.
551
What is 111101 (base 3) in base 4?
11221
Convert 524 (base 6) to base 14.
100
What is -352 (base 12) in base 4?
-13232
2445 (base 6) to base 15
2a5
Convert 10013211 (base 4) to base 5.
1014434
-6b6 (base 12) to base 9
-1333
What is -144634 (base 7) in base 6?
-334034
What is 4222 (base 7) in base 16?
5ce
-11100000110 (base 2) to base 10
-1798
Convert 50351 (base 6) to base 8.
14733
What is -58 (base 9) in base 4?
-311
-2bb (base 15) to base 14
-32a
Convert b7d (base 15) to base 9.
3501
What is 378 (base 10) in base 3?
112000
What is 6fe (base 16) in base 4?
123332
-5a2 (base 13) to base 12
-695
100101001110 (base 2) to base 11
1876
Convert -626 (base 9) to base 14.
-286
bb1 (base 14) to base 12
1407
What is -101111100010001 (base 2) in base 4?
-11330101
What is 1b3a (base 15) in base 6?
43201
Convert 10325 (base 9) to base 10.
6827
-243a (base 16) to base 10
-9274
-200022 (base 3) to base 15
-22e
-2201 (base 8) to base 15
-51d
159 (base 12) to base 15
e3
115 (base 12) to base 7
320
a5 (base 16) to base 14
bb
Convert -1013130 (base 4) to base 12.
-2790
What is -10011001101110 (base 2) in base 10?
-9838
-1b30 (base 13) to base 2
-111111111111
What is 13323203 (base 4) in base 13?
11a29
13054 (base 11) to base 13
867c
-1001101011 (base 2) to base 9
-757
Convert 65263 (base 8) to base 14.
9d51
What is -1222212 (base 3) in base 5?
-21304
Convert 266c (base 16) to base 14.
3828
1214 (base 6) to base 10
298
21500 (base 9) to base 14
52a4
927 (base 10) 